s (y - (289 - -3))*-1 a prime number?
True
Suppose 46*u + 32565 = 128521. Suppose 5*n - 3*f = 9621, 7531 = 5*n - f - u. Is n prime?
False
Let l = -130 - -120. Let v(t) = -t**2 - 7*t + 42. Let o be v(l). Suppose -447 = o*q - 13*q. Is q a composite number?
True
Let b = 256012 - 109821. Is b composite?
False
Is -4*(-231580)/120*15/2 prime?
False
Suppose 13*n + 776 = 3*i + 9*n, i + 3*n - 276 = 0. Let j(m) = -265*m**3 - 12 + i*m**3 + 13 + 20*m**2 - 27*m + 24. Is j(18) a composite number?
True
Suppose -3*m = 2*z - 54312, 7*z - 4*z - 3*m = 81483. Suppose 2*b + 21060 = 4*y, -5*y + b - 840 = -z. Is y composite?
True
Let n(d) be the third derivative of 29*d**5/30 - d**4/24 + 5*d**3/3 + 12*d**2 + 3*d. Is n(-9) a composite number?
True
Suppose 9*n + 3804 = 18915. Suppose o = 4*x - 1333, 6*x - x + 3*o = n. Is x composite?
True
Let b be (0 - (-4)/((-80)/(-12)))*5. Suppose b*r - 1432 = r. Let h = r - 465. Is h a composite number?
False
Let s(i) = 35*i**2 - 19*i - 4. Let n be s(-10). Let g = -5160 + n. Is g/33*(-6)/4 composite?
False
Let g be (-33745)/(-25) - 0 - 20/25. Suppose 2*z - x = g, x + 676 = -4*z + 5*z. Is z a prime number?
True
Let d(s) = 2*s**3 + 25*s**2 + 3*s + 12. Let h be d(-13). Let v be 335/(-2 + 3) - 0. Let f = v + h. Is f a composite number?
False
Suppose 2*r - 753 = -j + 85, 15 = -5*r. Suppose 4 = 6*f - 5*f. Suppose f*z - 8*z = -j. Is z a prime number?
True
Let v(t) = -127 + 50*t**2 - 127 + 368 - 122 + 615*t**2 - 10*t. Is v(-3) a composite number?
False
Let t be (-2)/(10/(-55))*2. Suppose t*k - 7509 = 19*k. Is k composite?
False
Let i be -44*(0 + (-20)/16). Let o = 59 - i. Suppose o*a = 3*s - 5, 3 = -4*a + 7. Is s prime?
True
Let a(i) = -i**2 - 4*i + 9. Let s be a(-5). Suppose -s*z - 12 = 8. Is 6348/10 + (-1 - 1/z) composite?
True
Let t(k) = -16*k - 6 - 17 + 15 + 6*k**2. Let z be t(7). Let p = z + -116. Is p prime?
False
Let u(c) = 12200*c + 209. Is u(8) a composite number?
True
Let m = 372 + -372. Suppose m = 330*b - 334*b + 20572. Is b a composite number?
True
Let z(s) = 3*s**2 - 2*s - 2. Let w(l) = 5*l**2 - 3*l - 4. Let y(r) = -4*w(r) + 7*z(r). Let m be y(2). Is ((-413)/m)/((-3)/6) prime?
False
Let d(j) = -11512*j - 2619. Is d(-13) prime?
False
Let d(s) = 2339*s + 1649. Is d(22) a composite number?
True
Let j(y) = 168*y**2 + 9*y. Let n(l) = -l**2 - 8*l - 12. Let z be n(-5). Let x be j(z). Suppose -2*m - i + 424 + x = 0, 2*i - 2943 = -3*m. Is m composite?
False
Suppose -47*x = -61*x + 145670. Is x prime?
False
Let z(m) = -m**2 - 4*m + 2. Let t be z(0). Is -2*t*(0 + (-489)/12) composite?
False
Suppose -4 - 11 = 5*h. Let b(o) = 65*o**2 - 2*o - 4. Is b(h) composite?
False
Let l(f) = 11*f + 59. Let g be l(32). Let c = g - 158. Is c a prime number?
False
Let c = 151 + -153. Is (297/54)/(c/(-4604)) composite?
True
Suppose w = 3*w - 3*w. Suppose w = 4*i + 3305 - 25093. Is i prime?
False
Suppose 3*b = -11*r + 8*r + 21036, -3*b = -5*r + 35092. Let z = r - 3907. Is z a prime number?
True
Suppose y - 8877 = 3*n, 0 = -y + 5*n + 12237 - 3356. Let a = y + -1750. Is a a prime number?
True
Suppose l - 121113 = 8*m, 2*m - 5 = -13. Is l prime?
True
Let c(b) = b**3 - 9*b**2 + 10*b - 13. Let k be c(6). Let u = k - -61. Suppose h - 3*d - 189 - 245 = u, 2075 = 5*h + 4*d. Is h composite?
False
Suppose -54 = 15*w - 9*w. Is 3 + 7 + w + 23 + -1 a prime number?
True
Let x be (-6)/(-57) - 32/76*5. Is (0 + 3 - x) + 6498 a prime number?
False
Suppose 557740 - 253035 = 9*a - 1038878. Is a a composite number?
False
Let h(w) = 186*w + 6. Let v be h(8). Suppose -2*n - 1333 = -3*g, 3*n - 272 - v = -4*g. Is g a composite number?
False
Is -1*(-2 + 0 + -27227) + -2 composite?
True
Let s(a) = 554*a + 9. Let y(w) = -555*w - 11. Let z(g) = -3*s(g) - 2*y(g). Is z(-6) a composite number?
False
Let h = -45569 + 198442. Is h prime?
False
Suppose 15*z + 28600 = 19*z. Suppose -4696 = -2*r + 5*g + z, -g = -3*r + 17769. Is r a composite number?
False
Let d = -82 + 138. Is 17199/d - (-4 - 66/(-16)) a composite number?
False
Let q(o) = o**3 + 16*o**2 + 13*o - 25. Let u be q(-15). Suppose -4542 = -2*r - 5*z, 2*z = -u*r - 825 + 12222. Is r composite?
False
Suppose 5*j = -2*j + 4613. Let f = 2618 - j. Is f a prime number?
False
Let o(w) = -13*w**2 + 5*w + 22. Let g be o(15). Let r = 6741 - g. Is r a prime number?
False
Let m = -3210 + 5241. Suppose -m = -8*h + 6761. Is h a prime number?
False
Suppose 3*i - 4*g = 20, -2*g - 9 - 1 = -i. Suppose i = -4*m + 12*m + 8. Is 3 - (m - 362/(-1 - -3)) prime?
False
Let f be 17/51 + (-22)/(-6). Is 4603 + (f/1 - 10) a prime number?
True
Let p(i) = -2*i**3 - 31*i**2 + 135*i + 329. Is p(-29) prime?
True
Let d(y) = 685*y**2 - 66*y - 21. Let s(t) = 229*t**2 - 22*t - 7. Let h(r) = 3*d(r) - 8*s(r). Is h(22) prime?
True
Let r(g) = -5*g**3 + 5*g**2 - 24*g - 49. Let u be r(-13). Let i = u + 36580. Is i a composite number?
False
Let a = 206 + -307. Let n = a + 100. Is ((-1 - 1)/((-14)/(-2933)))/n prime?
True
Suppose -3*g = -2245 - 43085. Let x = -7827 + g. Is x prime?
True
Suppose 0 = -3*r + 2*p + 954787, 1514*p = 1516*p + 10. Is r a prime number?
True
Let k = -21464 - -37783. Is k a composite number?
False
Let s = -131728 + 211209. Is s composite?
False
Suppose -74*s + 126432 = -83*s. Is 2/(10/15) - s composite?
False
Let l = 96 + -201. Is 34154*(-15)/l*(-14)/(-4) a composite number?
False
Let m(b) = 12*b - 295. Let x be m(25). Suppose -4*r + 11474 = 3*l, 74*l - 76*l = -x*r - 7657. Is l prime?
False
Let d(m) = 4792*m - 8767. Is d(23) composite?
False
Suppose 11*w = -17*w - 448. Let v(h) = 45*h**2 + 18*h + 119. Is v(w) a prime number?
True
Let t = -139 + 132. Is ((-64151)/t - -5) + 9/(-21) a prime number?
False
Suppose 6772181 = 1238*d - 1225*d. Is d a prime number?
False
Let l be -1*84/10*-80. Let u be 61334/52*(-8)/(-28). Let k = l - u. Is k prime?
False
Let b = -82078 - -139560. Suppose -225454 = -28*k - b. Is k prime?
False
Let t = 803 - -3109. Let h = t + 10797. Is h a prime number?
False
Is (1*(-2)/(-4))/((1274/5539612)/49) a composite number?
False
Let a = 738 + 7972. Suppose 10*t = 20*t - a. Is t a prime number?
False
Let c(w) = -15*w**3 + w**2 + 9*w + 22. Let s(r) = 9*r + 137. Let z be s(-16). Is c(z) prime?
True
Suppose -2*r - 6*n + 2*n = -2184, 0 = -4*r + n + 4368. Suppose -l = -3527 + r. Is l prime?
False
Suppose -10*g + 243 + 467 = 0. Suppose -23 + g = 4*c. Suppose 2*n - 1666 = -c*n. Is n composite?
True
Suppose -7*c + 6*c = -4. Suppose -11*q - v = -7*q - 26085, 0 = c*v - 4. Is q a prime number?
True
Let d = 111 - 54. Suppose -d = -8*k + 5*k. Suppose 3*n - 111 = -h - k, 0 = -3*h - 3*n + 270. Is h prime?
True
Suppose 20*g + 15*g = -2*g + 734339. Is g prime?
False
Suppose -2*d + 3*h = -0*d - 31, -5*d + 5*h + 85 = 0. Let u(s) = 2*s**3 - 17*s**2 + 26*s + 25. Is u(d) composite?
True
Let j(n) = 1947*n**2 + 63*n - 443. Is j(6) a prime number?
False
Let l(r) be the second derivative of 2*r**6/9 + 9*r**5/40 + 7*r**4/6 + r. Let z(u) be the third derivative of l(u). Is z(4) prime?
False
Let s = -18 + 20. Suppose -s*r + 454 - 2140 = 0. Is 4*r/(-18) - 1/3 prime?
False
Suppose 0 = -7*p + 5*p - 5*j - 4579, -6852 = 3*p + 2*j. Let h = -921 - p. Is h a composite number?
False
Let b be 63/6*1*2. Let q(h) = 55*h - 10. Let t(a) = -108*a + 7. Let l(u) = 5*q(u) + 2*t(u). Is l(b) a prime number?
False
Suppose -3 = 4*s + 4*l + 5, 4*s - 4*l = 32. Suppose -c - 3109 = -5*c - s*i, -2*c - i = -1555. Is c a prime number?
False
Let z = 120595 - 76934. Is z a prime number?
True
Is (-1)/(3 - 1451886/409497 - (-12)/22) a composite number?
False
Suppose -5*q + 10*q - 5*w - 423125 = 0, 3*q - w = 253883. Is q a composite number?
False
Let i(k) = -4441*k**3 - 93*k**2 - 190*k + 1. Is i(-2) a prime number?
True
Suppose 23*k - 20*k + 50 = -4*i, 2*k = 4*i. Is (-23586)/(-10) - k/25 a composite number?
True
Let a(m) = 96*m**3 + 13*m**2 - 19*m + 3. Is a(8) composite?
True
Suppose 0 = -2*a - 5*q + 421803 - 78151, 4*q - 8 = 0. Is a composite?
True
Let p = 76 - -92. Let d(a) = -152*a - 606*a - p*a. Is d(-1) prime?
False
Let f(v) = 843*v**3 + 43*v**2 + 40*v + 19. Is f(12) prime?
False
Let q = 238298 + 10761. Is q composite?
False
Suppose 0 = -l + 74038 - 1275. Is l composite?
False
Suppose -22*g + 57939 = -963073 - 1958030. Is g a prime number?
False
Let y be 32/12*3*1/2. Suppose -10 = -3*c - l, -